{"id":1595,"date":"2021-09-22T14:11:56","date_gmt":"2021-09-22T17:11:56","guid":{"rendered":"https:\/\/gilsuc.com.br\/islandia\/?page_id=1595"},"modified":"2021-09-25T22:01:52","modified_gmt":"2021-09-26T01:01:52","slug":"godafoss","status":"publish","type":"page","link":"https:\/\/gilsuc.com.br\/islandia\/godafoss\/","title":{"rendered":"Godafoss"},"content":{"rendered":"<p>A meio caminho entre&nbsp;Akureyri&nbsp;e o&nbsp;Lago M\u00fdvatn,&nbsp;Godafoss \u00e9 um dos pontos mais visitados no&nbsp;norte da Isl\u00e2ndia. \u00c9 uma&nbsp;bonita cascata de doze metros de altura e trinta de largura, na qual as \u00e1guas do rio&nbsp;Skj\u00e1lfandaflj\u00f3t caem furiosamente&nbsp;numa incr\u00edvel paisagem vulc\u00e2nica.<\/p>\n<h5>A cascata dos deuses<\/h5>\n<p>Godafoss&nbsp;\u00e9 conhecida por todos os islandeses como a &#8220;cascata dos deuses&#8221;. A origem deste curioso apelido deve-se a um dos fatos mais importantes da&nbsp;hist\u00f3ria&nbsp;da Isl\u00e2ndia: a sua cristianiza\u00e7\u00e3o no ano 1000 d.C. Segundo reza a lenda,&nbsp;Alpingi&nbsp;de&nbsp;Thingvellir, \u00deorgeir Lj\u00f3svetningago\u00f0i (um dos principais governantes de ent\u00e3o)&nbsp;atirou \u00e0s \u00e1guas de&nbsp;Godafoss&nbsp;todos os seus \u00eddolos pag\u00e3os, trocando os deuses vikings pelo deus crist\u00e3o.<\/p>\nngg_shortcode_0_placeholder\n","protected":false},"excerpt":{"rendered":"<p>A meio caminho entre&nbsp;Akureyri&nbsp;e o&nbsp;Lago M\u00fdvatn,&nbsp;Godafoss \u00e9 um dos pontos mais visitados no&nbsp;norte da Isl\u00e2ndia. \u00c9 uma&nbsp;bonita cascata de doze metros de altura e trinta de largura, na qual as \u00e1guas do rio&nbsp;Skj\u00e1lfandaflj\u00f3t caem furiosamente&nbsp;numa incr\u00edvel paisagem vulc\u00e2nica. A cascata dos deuses Godafoss&nbsp;\u00e9 conhecida por todos os islandeses como a &#8220;cascata dos deuses&#8221;. A origem &hellip; <a href=\"https:\/\/gilsuc.com.br\/islandia\/godafoss\/\" class=\"more-link\">Continuar a ler<span class=\"screen-reader-text\">Godafoss<\/span> <span class=\"meta-nav\">&rarr;<\/span><\/a><\/p>\n","protected":false},"author":1,"featured_media":0,"parent":0,"menu_order":0,"comment_status":"open","ping_status":"closed","template":"page-templates\/full-width.php","meta":{"_monsterinsights_skip_tracking":false,"_monsterinsights_sitenote_active":false,"_monsterinsights_sitenote_note":"","_monsterinsights_sitenote_category":0,"ngg_post_thumbnail":0,"footnotes":""},"class_list":["post-1595","page","type-page","status-publish","hentry"],"jetpack_sharing_enabled":true,"_links":{"self":[{"href":"https:\/\/gilsuc.com.br\/islandia\/wp-json\/wp\/v2\/pages\/1595","targetHints":{"allow":["GET"]}}],"collection":[{"href":"https:\/\/gilsuc.com.br\/islandia\/wp-json\/wp\/v2\/pages"}],"about":[{"href":"https:\/\/gilsuc.com.br\/islandia\/wp-json\/wp\/v2\/types\/page"}],"author":[{"embeddable":true,"href":"https:\/\/gilsuc.com.br\/islandia\/wp-json\/wp\/v2\/users\/1"}],"replies":[{"embeddable":true,"href":"https:\/\/gilsuc.com.br\/islandia\/wp-json\/wp\/v2\/comments?post=1595"}],"version-history":[{"count":3,"href":"https:\/\/gilsuc.com.br\/islandia\/wp-json\/wp\/v2\/pages\/1595\/revisions"}],"predecessor-version":[{"id":1904,"href":"https:\/\/gilsuc.com.br\/islandia\/wp-json\/wp\/v2\/pages\/1595\/revisions\/1904"}],"wp:attachment":[{"href":"https:\/\/gilsuc.com.br\/islandia\/wp-json\/wp\/v2\/media?parent=1595"}],"curies":[{"name":"wp","href":"https:\/\/api.w.org\/{rel}","templated":true}]}}