{"id":1122,"date":"2021-09-21T14:35:31","date_gmt":"2021-09-21T17:35:31","guid":{"rendered":"https:\/\/gilsuc.com.br\/islandia\/?page_id=1122"},"modified":"2021-09-26T22:40:51","modified_gmt":"2021-09-27T01:40:51","slug":"geiser","status":"publish","type":"page","link":"https:\/\/gilsuc.com.br\/islandia\/geiser\/","title":{"rendered":"Geiser"},"content":{"rendered":"<h6 style=\"text-align: left;\">No vale de Haukadalur se encontra uma das zonas geotermais mais ativas da Isl\u00e2ndia e provavelmente a mais famosa do mundo. De fato,&nbsp;os g\u00eaiseres obt\u00eam o seu nome de Geysir, embora&nbsp;hoje em dia o mais visitado da regi\u00e3o seja o seu vizinho, Strokkur.<\/h6>\n<div style=\"padding: 100% 0 0 0; position: relative;\"><iframe style=\"position: absolute; top: 0; left: 0; width: 100%; height: 100%;\" title=\"Geiser Bolha\" src=\"https:\/\/player.vimeo.com\/video\/610913459?h=1e08afe329&amp;badge=0&amp;autopause=0&amp;player_id=0&amp;app_id=58479\" frameborder=\"0\" allowfullscreen=\"allowfullscreen\"><\/iframe><\/div>\n<p><script src=\"https:\/\/player.vimeo.com\/api\/player.js\"><\/script><\/p>\n<div style=\"padding: 100% 0 0 0; position: relative;\"><iframe style=\"position: absolute; top: 0; left: 0; width: 100%; height: 100%;\" title=\"Geiser Duplo\" src=\"https:\/\/player.vimeo.com\/video\/610914370?h=fbdb5b21c2&amp;badge=0&amp;autopause=0&amp;player_id=0&amp;app_id=58479\" frameborder=\"0\" allowfullscreen=\"allowfullscreen\"><\/iframe><\/div>\n<p><script src=\"https:\/\/player.vimeo.com\/api\/player.js\"><\/script><\/p>\n<div style=\"padding: 100% 0 0 0; position: relative;\"><iframe style=\"position: absolute; top: 0; left: 0; width: 100%; height: 100%;\" title=\"Giba\" src=\"https:\/\/player.vimeo.com\/video\/610922186?h=24205a9d52&amp;badge=0&amp;autopause=0&amp;player_id=0&amp;app_id=58479\" frameborder=\"0\" allowfullscreen=\"allowfullscreen\"><span data-mce-type=\"bookmark\" style=\"display: inline-block; width: 0px; overflow: hidden; line-height: 0;\" class=\"mce_SELRES_start\">\ufeff<\/span><\/iframe><\/div>\n<p><script src=\"https:\/\/player.vimeo.com\/api\/player.js\"><\/script><\/p>\n","protected":false},"excerpt":{"rendered":"<p>No vale de Haukadalur se encontra uma das zonas geotermais mais ativas da Isl\u00e2ndia e provavelmente a mais famosa do mundo. De fato,&nbsp;os g\u00eaiseres obt\u00eam o seu nome de Geysir, embora&nbsp;hoje em dia o mais visitado da regi\u00e3o seja o seu vizinho, Strokkur. \ufeff<\/p>\n","protected":false},"author":1,"featured_media":0,"parent":0,"menu_order":0,"comment_status":"open","ping_status":"closed","template":"page-templates\/full-width.php","meta":{"_monsterinsights_skip_tracking":false,"_monsterinsights_sitenote_active":false,"_monsterinsights_sitenote_note":"","_monsterinsights_sitenote_category":0,"ngg_post_thumbnail":0,"footnotes":""},"class_list":["post-1122","page","type-page","status-publish","hentry"],"jetpack_sharing_enabled":true,"_links":{"self":[{"href":"https:\/\/gilsuc.com.br\/islandia\/wp-json\/wp\/v2\/pages\/1122","targetHints":{"allow":["GET"]}}],"collection":[{"href":"https:\/\/gilsuc.com.br\/islandia\/wp-json\/wp\/v2\/pages"}],"about":[{"href":"https:\/\/gilsuc.com.br\/islandia\/wp-json\/wp\/v2\/types\/page"}],"author":[{"embeddable":true,"href":"https:\/\/gilsuc.com.br\/islandia\/wp-json\/wp\/v2\/users\/1"}],"replies":[{"embeddable":true,"href":"https:\/\/gilsuc.com.br\/islandia\/wp-json\/wp\/v2\/comments?post=1122"}],"version-history":[{"count":12,"href":"https:\/\/gilsuc.com.br\/islandia\/wp-json\/wp\/v2\/pages\/1122\/revisions"}],"predecessor-version":[{"id":2062,"href":"https:\/\/gilsuc.com.br\/islandia\/wp-json\/wp\/v2\/pages\/1122\/revisions\/2062"}],"wp:attachment":[{"href":"https:\/\/gilsuc.com.br\/islandia\/wp-json\/wp\/v2\/media?parent=1122"}],"curies":[{"name":"wp","href":"https:\/\/api.w.org\/{rel}","templated":true}]}}